
-2
Let k(o) = -o - 128. Let h(i) = 245. Let r(d) = h(d) + 2*k(d). Calculate r(1).
-13
Let c(p) = 0*p - p**3 - 4*p**2 - 1 + 4*p + 2. Let l = -25 - 452. Let v = -482 - l. Calculate c(v).
6
Let h = 59 - 46. Suppose 8*q + h - 45 = 0. Let z(g) = -3*g**2 + q*g**2 + 7*g + 7 - g. Determine z(-5).
2
Let p(h) be the second derivative of -5*h**3/3 + 214*h**2 + 29*h - 111. What is p(44)?
-12
Let l(d) = -38*d - 166. Let u(o) = 9*o**3 + 6*o**2 + 3*o - 5. Let t be u(0). Give l(t).
24
Let l(n) = 5*n**2 + 5*n - 9. Let t(r) be the first derivative of -2*r**3 - 7*r**2/2 + 11*r - 285. Let q(c) = -5*l(c) - 4*t(c). Determine q(-2).
-9
Let r(z) = -2*z**3 + 3*z**2 + 2*z. Let f be r(-1). Suppose 2*a + 2*a + 4 = f*k, -k + a + 1 = 0. Let l(x) = x**2 + 3*x + 5. Give l(k).
5
Let a(r) be the second derivative of -r**4/6 - 2*r**3 + 20*r**2 - 2670*r. Calculate a(-9).
-14
Let o(h) be the second derivative of -h**4 + 2*h**3/3 - 3*h**2 - 2379*h + 2. What is o(1)?
-14
Let a(m) = m + 18. Let h(g) = -4*g - 26. Let p be h(-7). Let u be (4/p)/(29/6 + -5). Let v be a(u). Let f(k) = -k**3 + 7*k**2 - 5*k + 7. Give f(v).
13
Let w(s) be the third derivative of -s**4/8 + 11*s**3/6 + 57*s**2 + 4*s. Determine w(7).
-10
Let t(c) = -3*c + 3. Suppose -6*j - 40 = -4*j. Let v be (j/(-12))/(5/18). Calculate t(v).
-15
Let k(f) = -2*f - 4. Let w = 431 + -436. Let o be 4*w/15*45/12. What is k(o)?
6
Let k(v) = -v**2 - 7*v - 23. Let u be (11 - (-63)/(-6))*-24. Calculate k(u).
-83
Let d(f) = 188*f - 26. Let i(c) = -53*c + 9. Let t(l) = 2*d(l) + 7*i(l). Calculate t(-9).
-34
Let a = 2 + -5. Let s(j) = 17*j - 5*j**2 - 13*j**2 - 14*j - 3 + 21*j**2. Give s(a).
15
Let a(k) = -k - 5. Let f(y) = 1 + 1 + 6*y - 7 + 12. Let u be f(-2). What is a(u)?
0
Let s(y) = -2*y**3 - 12*y**2 - 3. Let a = 156 - 162. Let d be s(a). Let g(k) = -4 + 4 + 3 + k. Calculate g(d).
0
Let p(b) = 2*b**2 - 4*b - 1. Let y be p(4). Let x(j) = j - 2. Let c be x(6). Suppose 5 + y = -c*g. Let m(w) = -w**3 - 5*w**2 + 6. Determine m(g).
6
Let g(v) = -26*v + 1227. Let j(q) = 31*q**2 + 522*q - 38. Let i be j(-17). Calculate g(i).
5
Let i(g) = -11*g**2 + 6*g + 33. Let t(c) = -3*c**2 + c + 9. Let w(j) = 8*i(j) - 30*t(j). Determine w(-9).
-6
Let t(o) = o - 1. Let f(b) = -2*b - 2. Let a(d) = 2*f(d) + 2*t(d). Let m = -34 + 19. Let j be ((-12)/(-36))/(1/m). What is a(j)?
4
Let w(c) be the second derivative of -2*c**3/3 + 7*c**2 - 36*c + 20. Calculate w(7).
-14
Suppose -4*y = 8 - 80. Let w(s) = -2*s**2 - 3*s + 6*s**2 - 19*s**3 + 11 - 5 + y*s**3. Give w(4).
-6
Let g(c) be the first derivative of -c**4/12 - 2*c**3/3 - c**2/2 + 201*c - 127. Let l(y) be the first derivative of g(y). Calculate l(-4).
-1
Let d(t) = -t**2 - 8*t - 8. Let y be d(-7). Let g(v) be the third derivative of v**4/12 + v**3/3 + 8*v**2. Let s be g(y). Let j(l) = -l**2 + 4. Give j(s).
4
Let r(n) = -2*n**2 - 4*n - 1. Let d(y) = -3*y**2 - 224*y - 223. Let w be d(-1). What is r(w)?
-1
Suppose -2*t + 4*y = 2*y - 224, -t - 3*y = -120. Suppose 13*f + t = -3. Let c(k) = 9*k - 1 + 3*k**2 - k - 2*k**2. What is c(f)?
8
Let r be (13 + -8)/(9/6 - 1). Let u(v) = -9 - 15 - r + v**2 - 3*v + 39 - 5*v. Determine u(8).
5
Let w(j) = 3*j + 4. Let c(x) = 8 + 5 - 2 - 8 - x + 4*x. Let q(a) = -2*c(a) + 3*w(a). Give q(-6).
-12
Let c be ((-3)/27)/((-7)/42) - 84/(-9). Let w(d) = d**3 - 9*d**2 - 10*d - 24. Determine w(c).
-24
Suppose 2*u + 4*l + 28 = 0, -5*l = -3*u - 18 - 2. Let o(r) = r**2 - 2*r - 122. Let s be o(u). Let g(k) = k + k + k + 3. Give g(s).
-3
Let l(g) = -21*g**2 - 6*g + 2. Let f(k) = -2*k + 1. Let h(i) = 3*f(i) - l(i). Let a(z) = -z**3 - 11*z**2 - 18*z + 1. Let x be a(-9). Determine h(x).
22
Let j be ((-8)/32)/(2/(-24)). Let d(g) = 0*g**3 - 2*g**2 - 2*g**3 + g**j - 1 + 0. Suppose -c - 28 + 25 = 0. Determine d(c).
8
Let x(h) = -h**3 + 3*h**2 + 6*h + 6. Let d(w) = 8*w**3 + w**2 + 3*w + 4. Let p be d(-3). Let s = 217 + p. Calculate x(s).
-14
Let l = -2 - -1. Let w(r) be the second derivative of 23*r**3/6 + 8*r**2 - 4*r. Let n(s) = 5*s + 3. Let d(q) = 11*n(q) - 2*w(q). Calculate d(l).
-8
Let x be 6 + -18 + -7 - -21. Let v(r) be the first derivative of 1/2*r**2 + 3*r + x. Determine v(-5).
-2
Let l(k) = 80*k**2 - 2*k + 9. Let b be l(4). Let h(f) = 2*f - 4 - 642*f**2 - 645*f**2 + b*f**2 + f**3. Calculate h(6).
8
Suppose -4*a + 50 - 17 = -5*g, a + 23 = -5*g. Let x(d) = -14 - a + 10 + 2*d - 4*d. Give x(-6).
6
Let a(s) = 3826*s + 6. Let r(f) = 3280*f + 7. Let w(b) = 6*a(b) - 7*r(b). Suppose t + 7 = -g, -4*t - 2*g + 1 - 21 = 0. What is w(t)?
-1
Let o(m) be the second derivative of 2*m**3/3 + 63*m**2/2 - 7*m + 40. Calculate o(-15).
3
Let b(v) be the first derivative of v**3/3 + 3*v**2 + 6*v - 306. Determine b(-2).
-2
Suppose 3045*o + 213 = 3116*o. Let r(c) = -12*c + 3. Calculate r(o).
-33
Let d be (-1)/(4/(-8)*1). Let t(z) = -2*z - 1 + d + 13*z**2 - z**2 - 11*z**2. Calculate t(3).
4
Let r(i) = 11*i + 20. Let o be 1*(-23)/4 + (-75)/(-100). Determine r(o).
-35
Let k be ((-192)/80)/((4/5)/(-3 + 5)). Let f(m) = 8*m. Determine f(k).
-48
Let x(n) be the second derivative of -n**4/4 - 6*n**3 - 27*n**2/2 + 13554*n. Determine x(-11).
6
Suppose 0 = 4*g - 33*g + 27 - 259. Let d(l) = -2*l**2 - 16*l + 16. Calculate d(g).
16
Suppose -97*v + 135 = -124*v. Let c(z) be the third derivative of 0*z + 1/24*z**4 + z**2 + 0*z**3 + 0. Calculate c(v).
-5
Let f(w) = w**3 + 2*w**2 - 5*w - 2. Let o be 427/(-147) + (-52)/546. Determine f(o).
4
Let n(h) = 4 - 8 + 1 + h. Suppose 5*x = -5, 0 = -5*w + 2*x + 15 - 48. Calculate n(w).
-10
Let p(m) = 19*m**2 + 16*m + 10 - 13*m**2 - 5*m**2 + 2*m. Determine p(-18).
10
Let m(t) = -t**2 + 14*t + 17. Suppose -28*k = -331 - 145. Calculate m(k).
-34
Let x be (-3 - -2)*-230 - 16/4. Let n = 226 - x. Let s(k) = 2*k + 8. Give s(n).
8
Let q(r) = 3*r + 2 + 4 - 1 - 2*r - 8. Let g = 8 + -7. Suppose 2*y = g + 7. Determine q(y).
1
Let r(k) = k**3 + 4*k**2 - 5*k + 23. Suppose 34*u + 220 = -34*u - 188. Calculate r(u).
-19
Let s(c) be the third derivative of c**6/120 - c**5/12 + c**4/4 - 2*c**3/3 - 41*c**2. Suppose -v + 4 = 3. Let u be (-12)/15*-5*v. What is s(u)?
4
Suppose -15 = -3*d, p + 3*p - d = 7. Let r(v) = 2*v**2 - 16*v - 19. Let q(m) = m**2. Let y(b) = p*q(b) - r(b). What is y(-14)?
-9
Let m = -50 + 52. Let o(i) = -5*i - 3 + 12*i + 60*i**2 - 2 - 61*i**m. Suppose -a - 7 = -2*v, 0 = -2*v + 3*a + 2*a - 5. Calculate o(v).
5
Let z(s) = 5*s**3 + 18*s**2 + 15*s - 29. Let j(r) = -27*r**3 - 91*r**2 - 76*r + 147. Let n(h) = 2*j(h) + 11*z(h). Give n(-15).
5
Let g(o) = 3*o**2 + 3*o. Let z(q) = -7*q**2 - 8*q - 12. Let n(y) = -2*g(y) - z(y). Determine n(-7).
47
Let d be 4 - (8 + (-2 - -2)). Let b(n) = -3*n + 32. Let m(s) = -3*s + 38. Let u(q) = 7*b(q) - 6*m(q). Determine u(d).
8
Let r(n) be the third derivative of -7*n**5/60 + 231*n**2 - 2*n. Calculate r(-1).
-7
Let f(y) be the second derivative of -y**5/30 + y**4/12 - y**3/3 - 43*y**2 - 153*y. Let n(x) be the first derivative of f(x). Give n(-3).
-26
Let o(h) = 28*h**2 - 11*h + 9. Let a = 33252 - 33251. What is o(a)?
26
Let k(d) = -d**3 - 2*d**2 + 2*d + 1. Let l(h) = -h**3 - 14*h**2 + 3*h - 7. Let n be l(-10). Let q = n - -434. Determine k(q).
4
Let p(x) = -3*x**3 - 20*x**2 - 8*x - 2. Let r(s) = -4*s**3 - 24*s**2 - 10*s - 2. Let b(l) = -5*p(l) + 4*r(l). Determine b(0).
2
Suppose 11*c = 9963 - 2076. Let o(f) = 709 - 1444 + f**2 + c. Calculate o(0).
-18
Let v(n) be the second derivative of -1/20*n**5 + 1/2*n**4 - 1/2*n**3 - 3/2*n**2 + 0 + 34*n. Give v(3).
15
Suppose 20 = -4*c, d + 2*c - 2 = 3*d. Let o(p) = 7*p + 40. What is o(d)?
-2
Let r(k) = k**2 + 4*k + 11. Suppose -2*l - 4 = -w, 0*l + 3*w + 3 = l. Determine r(l).
8
Suppose -w + 35 = 32. Let k(x) = 7*x**2 + 3*x**3 - 9*x - 66 + 54 + 2*x**w - 4*x**3. Calculate k(-8).
-4
Let v(r) = -21*r - 3. Let w(i) = -11*i - 2. Let a(x) = -6*v(x) + 11*w(x). Suppose -5*b + 9 = -3*k, -22 = 5*b + k - 39. What is a(b)?
11
Let u(r) = -248*r - 15*r**2 + 83*r + 9 + 86*r + 87*r + 16*r**2. Let i = 58 - 66. Determine u(i).
9
Let r(u) = u**3 + 36*u**2 + 3*u + 93. Let y be ((-48)/40)/(((-39)/520)/((-18)/8)). Calculate r(y).
-15
Suppose -3*k = -9, -3*p - 3 + 66 = -k. Let y(v) = -2*v + 18*v**2 + 21 - 20*v**2 - p - 8*v**3. Let t = -22 - -21. Calculate y(t).
7
Let w(b) = 2*b - 2. Let l(a) = a**3 - 11*a**2 - 20*a - 39. Let p be l(13). Suppose -33*v